ors of a.
2, 6449
Suppose -5*q = 4*o - 9 - 16, -3*o = 4*q - 19. Suppose 2*p - o*p = 12276. What are the prime factors of 2/9 + p/(-54)?
2, 19
Suppose -1819 = 13*k + 2341. Let o = k + 652. What are the prime factors of o?
2, 83
Let s be (240/(-4))/(-6) - 0/2. Suppose -s*v - 97 + 6907 = 0. What are the prime factors of v?
3, 227
Suppose 3*b - y - 1359 = -5*y, 3*y = 9. Let d = b + 38. What are the prime factors of d?
487
Suppose 34450 - 7303 = 4*v - v. What are the prime factors of v?
9049
Let b = -2060 + 2064. Let i be -1089*((-12)/(-9))/(-2). Suppose 2*n - i = -b*n. What are the prime factors of n?
11
Suppose -4*p - g = 40 - 120, -p = 4*g - 20. Suppose -p*h = -2377 - 7683. What are the prime factors of h?
503
Suppose 392 = -4*w + 1212. Let c = 393 - w. Suppose 0 = -6*t + 2*t + c. List the prime factors of t.
47
Let s(x) = -2*x - 25. Let j be s(-12). What are the prime factors of (-2571)/(-6) - j/(-2)?
2, 107
Suppose 4*g - 9505 = -3*s + 11826, -2*g - 28456 = -4*s. List the prime factors of s.
3, 2371
Suppose 3*n - 5*n - 4*d = 30, n = -5*d - 27. Let y be (-344)/(-28) + 2/n. List the prime factors of (y/8)/((-1)/(-70)).
3, 5, 7
Let c(l) = 6*l**2 - l - 3. Let q be c(2). Suppose 15*u - 3*p = 17*u - q, -3*u - 2*p = -16. What are the prime factors of u?
2
List the prime factors of 8/(4 + 0) + (-78064)/(-17).
2, 2297
Let b be (1 - 294)/((4/30)/2). Let y be (-4)/(-16) + b/12 - 2. What are the prime factors of (6/(-4))/((20/y)/5)?
2, 3, 23
Suppose -o - 2*a - 5 + 16 = 0, 15 = 5*a. Suppose 0 = 10*q - o*q - 535. List the prime factors of q.
107
Let r(v) = 373*v**2 - 78*v - 4. What are the prime factors of r(-2)?
2, 3, 137
Let t(d) = 9*d**2 + 4*d + 15. Let b be t(-3). Let f = -86 + b. List the prime factors of 2*((-6808)/(-48) + f/(-3)).
3, 5, 19
Let k(a) = 23*a - 2. Let n(w) = w**3 + 23*w**2 + 25*w + 13. Let z be n(-22). Let l = z - -63. What are the prime factors of k(l)?
2, 3, 19
Let p = 876 - -4995. What are the prime factors of p?
3, 19, 103
Suppose 52*l - 33*l = 96957. List the prime factors of l.
3, 7
Let y = -982 + 2654. Let l = -377 + y. What are the prime factors of l?
5, 7, 37
Let p(r) be the second derivative of r**5/20 - 23*r**4/12 + 4*r**3 - 26*r**2 - 9*r. Let x be p(22). What are the prime factors of (-4)/x*-4 - -68?
2, 3, 11
Let h(v) = 5*v - 10. Let z(x) = 10*x - 20. Let f(p) = 5*h(p) - 2*z(p). Let r be f(5). Suppose -2*i + 18 = -3*t, 5*t + r = -5. List the prime factors of i.
3
Suppose 4*g = -2*g. Suppose 2*q = -3*q - 2*d + 3497, g = -q + d + 705. What are the prime factors of q?
701
Let n(j) = -3*j**3 + 4*j**2 - 2*j - 32. Let y be n(-6). Suppose 8*f + y = 2*p + 7*f, 1163 = 3*p + f. What are the prime factors of p?
3, 43
Let f(k) = 2*k**2 - 12*k + 22. Let z be f(9). Suppose 0 = 4*m - 2*r + 6, 3*m - 2 = -5*r + 13. Suppose m*n - 4*n = -z. What are the prime factors of n?
19
Let f(w) = 23*w**2 + 85*w - 1350. List the prime factors of f(19).
2, 3, 7, 17
Let m(l) = -l**3 + 14*l**2 + l - 12. Let u be m(14). Suppose -c + 10 = 4*i, -u*c + 70 = c + 4*i. List the prime factors of c.
2, 3, 5
Suppose 0 = -6*t + 9*t - 1695. Let g be (-190)/57*(-3)/2. Suppose 5*d = -g*v + t, 545 = 5*d - 3*v + 4*v. What are the prime factors of d?
2, 3
Let j(w) = w**3 + w**2 - 4*w - 2. Let i be j(-2). Suppose r - 50 = -4*n - r, -n + 17 = i*r. Suppose n*l = 7*l + 380. List the prime factors of l.
5, 19
Suppose 28 = -2*t - 4*n + 10, -9 = -t + 4*n. Let v(h) = -141*h + 20. What are the prime factors of v(t)?
443
Let b = 144 - 104. List the prime factors of (-668)/(-3) - b/60.
2, 3, 37
Let c = 21350 - 13649. What are the prime factors of c?
3, 17, 151
Let p be ((-2)/(-8))/((-3)/(-48)). Let y(d) = -6 + 2 + 6 - 7*d + p*d. What are the prime factors of y(-15)?
47
Let t = -11 - -35. Suppose 0 = 12*y - t. Suppose -4*p + 112 = y*f - 152, -12 = -3*f. What are the prime factors of p?
2
Suppose -l = -3*s + 3, -4*l + 5*s = -15 - 1. Suppose 146 = 13*i - l*i + 2*m, -5*i - m = -178. List the prime factors of i.
5, 7
Let c = 624 - 622. Suppose 4*h - 282 = -2*b, 7*h - c*h = 15. What are the prime factors of b?
3, 5
Let o(g) = -1518*g + 1994. What are the prime factors of o(-24)?
2, 19213
Let k = -68 + 206. Suppose k*y + 4 = 137*y, 0 = 4*w - 4*y - 6984. List the prime factors of w.
2, 13, 67
Let l(k) = -22*k + 9907. What are the prime factors of l(0)?
9907
Let k be ((-3)/9)/((-7)/(-126)). List the prime factors of 157*k/(-36) - 1/6.
2, 13
Let l(w) = 20*w + 256. Let a be l(-15). Let j(y) = 4*y**3 + 2*y**2 + 2*y - 1. Let p be j(-2). Let s = p - a. What are the prime factors of s?
3, 5
Let g(t) = 704*t**2 - 33*t - 10. List the prime factors of g(-2).
2, 359
Let k(p) be the first derivative of 2*p**3/3 + 10*p**2 - 27*p + 58. List the prime factors of k(11).
3, 5, 29
Suppose -45*j + 47*j + 2*x = 18696, 5*j = -3*x + 46744. List the prime factors of j.
2, 5, 11, 17
Let a be 363/6*(21 - 19). Suppose 124*g = a*g + 1071. List the prime factors of g.
3, 7, 17
List the prime factors of 507944/10 - (141/15 + -9) - -8.
2, 3, 8467
List the prime factors of 180/162*(-34236)/(-24).
5, 317
Let u(f) = -292*f - 35. Let c be u(-4). Suppose 7*m - 3074 = c. List the prime factors of m.
601
Let a = 1094 + -749. Let w = 849 - a. What are the prime factors of w?
2, 3, 7
Suppose 0 = 2*a - 29*a + 51057. List the prime factors of a.
31, 61
Let y(k) be the second derivative of 16*k**3/3 + 49*k**2/2 + 70*k. List the prime factors of y(8).
5, 61
Let n(i) = -i**2 - 3*i - 2. Let m be n(-2). Suppose -3*g - 1 - 17 = m. List the prime factors of (1 + 252/(-20))*(g + 1).
2, 29
Let c be (33/66)/((-1)/(-436)*2). Suppose -4*g + c = -83. What are the prime factors of g?
2, 3
Suppose -26*u - 162 = -20*u. What are the prime factors of (36/u)/(2296/(-1146) + 2)?
2, 191
Suppose 3*k - h - 646 = 0, -286 - 789 = -5*k + 2*h. List the prime factors of k + 6*-2 + 6.
211
Let s(u) = 88*u + 21. Let r(p) = 87*p + 20. Let v(f) = 5*r(f) - 4*s(f). Let i be 30/(-4)*(198/55)/(-9). List the prime factors of v(i).
5, 53
Let n(o) = 12*o**2 - 5*o - 3. Let w be n(-1). Suppose 3*b - 5*z = w, -4*b + 16 = -3*z - z. Suppose -144 = b*f - 6*f. List the prime factors of f.
2, 3
Suppose -1692 = -10*b + 398. Suppose 4*h + 5*k - 24 - 429 = 0, 2*h - b = k. What are the prime factors of h?
107
Suppose 4*f - 3*w = 2 + 4, 4*f - 2*w - 8 = 0. Suppose 0 = f*x - 7*x + 12. List the prime factors of (49 - x) + -2 - -4.
2, 3
Let b = 88160 - 60334. List the prime factors of b.
2, 13913
Let h(p) = 152*p**2 - 300*p - 5944. What are the prime factors of h(-19)?
2, 7, 1951
Let i(r) = 16*r**2 - 55*r - 68. Let u be i(-16). Suppose 3*d - u = 3*j, -4*d - 113*j + 110*j + 6572 = 0. What are the prime factors of d?
2, 5, 41
Let m = -300 - 235. Let z = m + 771. List the prime factors of z.
2, 59
Suppose -15*a + 127670 = -2*a - 47947. List the prime factors of a.
3, 19, 79
Let j(s) = s**3 - 12*s**2 - 16*s + 30. Let z = 278 + -264. What are the prime factors of j(z)?
2, 3, 11
Let p = 7013 - 2954. What are the prime factors of p?
3, 11, 41
Let x(o) = -5*o - 14*o - 35*o**2 - o**3 - 11 - 60*o - 16. What are the prime factors of x(-33)?
2, 3, 67
Let s(i) = 3*i**2 + 25*i + 44. Let k be s(-6). Suppose k*d = 1128 + 2568. What are the prime factors of d?
2, 3, 7, 11
What are the prime factors of 552 + -8 - (-8 + 0)?
2, 3, 23
Suppose 5*l = -4*n + 6195, 33*l - 37*l - 5*n + 4956 = 0. What are the prime factors of l?
3, 7, 59
Suppose 53853 = 7*r - 55515. What are the prime factors of r?
2, 3, 7, 31
Suppose z + 3*r - 573 = 0, 0 = 84*z - 83*z + 5*r - 583. Let t = 269 + z. List the prime factors of t.
827
Suppose h + 342 = 4*x, 2*h - 13 = -4*x - 685. Let q = h + 508. List the prime factors of q.
2, 5, 17
List the prime factors of 4887 + 13/13 + -2 + 6 + -3.
4889
Let z = -31 - 13. Let d = z - -53. Let m = d - -60. What are the prime factors of m?
3, 23
Let p be (7/(140/8))/(38/475). Let f(c) = 45*c**2 - 33*c + 151. List the prime factors of f(p).
11, 101
Suppose -5*c = -5*y, -5*c + 3*c = 0. Suppose i - 5*d - 16 = y, -d + 0*d = i - 16. What are the prime factors of ((-2)/(-4))/(i/2944)?
2, 23
Let s be (-9)/(162/1104) - 2/3. Let j be s/3*-3 - 2. What are the prime factors of j + 2 - -1*(0 - -1)?
3, 7
Suppose d = 2*h - 8, -4*d + 3*h - 32 = 5*h. Suppose 284 = -5*w - 136. List the prime factors of (w/(-8))/((